6*d**t - d + 0*d**2 + 1/6*d**3 + 0. Determine y(-1).
-3
Let a(i) = 2*i - 38. Let o(z) = z - 25. Let x(w) = 5*a(w) - 8*o(w). Let q be x(-4). Let r(p) = p**2 + 3 + 4*p**3 - q - 2*p - 12*p**3 + 9*p**3. Determine r(-3).
-11
Let i(f) = 8*f**3 + 2*f - 1. Let b = -37 - -60. Suppose -3*q + b = 5*j, 4*q - 20 = -6*j + 2*j. Give i(q).
9
Suppose 0*n - 5*n = 0. Suppose -4*h + n = -4. Let f(c) = -11*c**3 + c. Give f(h).
-10
Let o(d) be the third derivative of -d**7/2520 + d**6/144 - d**5/24 - d**4/4 + 3*d**2. Let h(g) be the second derivative of o(g). Give h(4).
-1
Let z = 844 - 834. Let q be ((-2)/(-4))/(2/(-64)). Let l = q + z. Let b(u) = -u**3 - 6*u**2 - u - 7. Determine b(l).
-1
Let k(v) = v**3 - 7*v**2 + 4*v - 9. Suppose 51 = -3*b - 2*g + 77, 2*b + 2*g = 20. Calculate k(b).
-21
Let i(x) be the second derivative of x**3/6 + x**2/2 + 15*x. Let r(n) = -2*n - 6. Let u(o) = i(o) + r(o). Give u(-5).
0
Let b(v) = 4*v**3 - v**2 + 2*v + 2. Suppose 3*p - 2*p = -1. Let r be b(p). Let t(g) = -g**2 - 4*g - 5. Give t(r).
-10
Let z(h) = -17*h - 2. Let m(b) = 3*b**2 + 17*b + 24. Let f be m(-2). Calculate z(f).
-36
Let n(k) = 4*k**2 + 12*k + 8. Let y(i) = -i**2 - 4*i - 3. Let t be (4/8)/((-1)/14). Let g(z) = t*y(z) - 2*n(z). Calculate g(4).
5
Let o(i) = -3*i**3 + 4*i**2 + i + 1. Let g(t) = -4*t**3 + 3*t**2 + 2*t + 2. Let a(s) = 2*g(s) - 3*o(s). Let r = -58 + 64. Calculate a(r).
7
Let r(o) = -6*o. Let z be (-7)/(2/(4 - 10)). Suppose 17 = -2*c + z. Suppose -c*v = 11 - 13. What is r(v)?
-6
Let x(h) = h**2 - 4*h + 3. Let f = -8 + 9. Let t be f + (-6)/3 + -2. Let s = 7 + t. Give x(s).
3
Let t = 767 + -765. Let m(z) = 2*z**2 - 1 - 5*z + 2*z - z**2. What is m(t)?
-3
Let d(v) = 2*v**2 + 14*v. Let c be d(-7). Suppose c*g - 4*g = 2*g. Let u(h) = -h**3 + h - 23. Calculate u(g).
-23
Let r(n) = -n. Let j be r(3). Let z(k) = -2373*k**3 + 3032*k**2 - 2*k - 3034*k**2 - 4 + 2372*k**3. Give z(j).
11
Let g(v) be the third derivative of -v**6/120 - v**5/60 - v**4/12 - 2*v**3/3 + 12*v**2. What is g(0)?
-4
Let d(k) be the first derivative of k**3/3 + k**2 + k + 6. Suppose 0 = 5*z + 5 - 0. Determine d(z).
0
Let k(c) = c**3 + c**2 + c. Let u(s) = -4*s**3 + 3*s**2 - 8*s - 5. Let q(n) = -3*k(n) - u(n). Give q(5).
5
Let m(j) = 17*j**3 - 17*j**2 + 4*j - 1. Let y(z) = 27*z**3 - 26*z**2 + 5*z - 2. Let x(d) = -8*m(d) + 5*y(d). Calculate x(6).
-44
Let h(w) be the second derivative of -w**5/20 - 2*w**4/3 + 7*w**3/2 + 7*w**2/2 - 23*w. Give h(-10).
-3
Let r be (-140)/(-30)*(3 + (-18)/4). Let w(s) = -s**2 - 8*s - 3. What is w(r)?
4
Let p(z) be the first derivative of -z**4/12 - 8*z**3/3 - 15*z**2 + 6. Let r(x) be the second derivative of p(x). Determine r(-7).
-2
Let k(d) = d**3 + 15*d**2 - 2*d - 15. Let f(c) = -6*c**2 + 7*c - 5. Let y be f(2). Calculate k(y).
15
Let h(a) be the first derivative of a**3/3 + 8*a**2 - 30*a + 14. What is h(-18)?
6
Let m be 3 - -1*(-1 - 0). Suppose b + 4*b + 5*c - 40 = 0, 4*c = 16. Let f(y) = -y. Let d(j) = -8*j + 1. Let w(h) = b*f(h) - d(h). What is w(m)?
7
Suppose 0 = 4*i + 4*v - 4, 2*v + 10 = 2*i - 0*v. Suppose 0 = n + j + 4, 4*j + 1 = -i*n + 2*n. Let z(r) = r**2 - r - 6. Calculate z(n).
24
Suppose 0 = -2*c + 3*z - 4 + 12, 2*z + 16 = 4*c. Let h(g) = 2*g + 0*g + 2*g - 8 - 3*g. What is h(c)?
-4
Suppose 56 = z + 3*z. Suppose 0 = 5*q + 2*q + z. Let f(l) = 5*l**3 + 2*l + 2. Let x(i) = i**3 - i**2 + 1. Let t(o) = -f(o) + 4*x(o). Give t(q).
-2
Let q(z) be the third derivative of z**5/60 + 5*z**4/24 - 5*z**3/6 - 36*z**2. Let h be 24/(-8) - (-2 - -4). Calculate q(h).
-5
Let v(q) = q**3 + 4*q**2 - 1. Let k = 269 - 273. Calculate v(k).
-1
Suppose -j = -5*s - 9, 3*j - 5*j - 3 = -3*s. Let k(n) = 1. Let m = 19 - 18. Let t(a) = a**2 + 9*a + 6. Let r(u) = m*t(u) + 2*k(u). What is r(j)?
-10
Let c(j) be the second derivative of -j**3/2 - 2*j**2 + 6*j - 7. What is c(4)?
-16
Let b be 0*3/9*1. Suppose 4*t - 8 + 0 = b. Let n(u) = -2 + 2*u**t + 5*u + 3 + 5*u**2 - 3*u. Determine n(-1).
6
Let j(i) = -4*i - 17. Let f be j(-3). Let o(m) be the third derivative of m**6/120 + m**5/12 + m**4/24 + 2*m**3/3 - m**2. What is o(f)?
-1
Let m = 9 - 5. Let n(h) = 4*h - 13. Let q be n(m). Let k be ((-3)/4)/(q/12). Let r(z) = z**2 + 5*z - 1. What is r(k)?
-7
Let a(o) = -22*o**2 + 1 + 1 - o**3 - 20*o**2 + 8*o + 37*o**2. Give a(-6).
-10
Let r be 3 + 3/(-2) - 1/2. Let j(y) = -y. What is j(r)?
-1
Let j(o) = -o**2 - 5*o - 1. Let g be (-2)/11 - ((-6)/33 - -2). Let x be -1 - (-54)/(-9)*(-1)/g. Determine j(x).
3
Let x = -233 - -238. Let n(y) = y**3 - 4*y**2 - 5. Give n(x).
20
Let v(r) = 4*r**3 - 4*r**2 - 8*r - 5. Let l(h) = -9*h**3 + 8*h**2 + 18*h + 11. Let i(x) = -2*l(x) - 5*v(x). Determine i(-2).
27
Let l(t) = 1 + 5*t - 3*t + 2 + 2 - 3*t. Let j(y) = -y**2 - 6*y + 1. Let c be j(-6). Suppose -5*s + c = -24. Determine l(s).
0
Suppose -5*k - 2*h + 163 = -0*h, -2*k + 62 = 4*h. Let t(y) = 34*y - k*y - 6 + 2. Determine t(6).
2
Suppose 0 = -5*m + 4*v - 15, 5*m + 3 + 12 = -3*v. Suppose -2*k = -x + 1 - 7, -3*x + 3 = k. Let j(q) = 4 - 3 + 3*q**2 + q**k - 2 + 5. Calculate j(m).
4
Let z(w) = -6*w + 7. Suppose -30 = -2*m - 4*m. Calculate z(m).
-23
Let q(s) = -2*s - 1. Suppose -4*z - 4*k + 7 = -13, 4*z = 4*k + 52. Suppose 5*i + z = -1. Calculate q(i).
3
Suppose 9 + 15 = -4*n. Let k be -3*1 - (-3 - (n + 6)). Let v(j) = j**2 + j - 15. Determine v(k).
-15
Let f(n) be the second derivative of 7*n**3/6 + 9*n**2/2 - 163*n. Determine f(-2).
-5
Let i(d) = 42*d + 1 - 20*d**2 + 14*d**2 - 19*d**2 - 19*d - 20*d. What is i(-1)?
-27
Let t(g) = -g**3 + g**2 - 2*g + 1. Let m(n) = n**2. Suppose -7*h + 27 = -2*h + 3*s, -s - 8 = -4*h. Let l be (3 - h) + -3 - -2. Let d be m(l). Determine t(d).
-1
Suppose -4 = -4*g - 3*h + 15, -4*g = -4*h - 12. Let j be (g/(-6))/((-2)/(-21)) + 4. Let k(i) = 3*i**2 + 6 - i**2 - 2 + 5*i - i. What is k(j)?
10
Let v(d) = 2 + 11 + 3 - 32 + 3*d + 2 + d**2. What is v(-5)?
-4
Let v(f) = -5*f + 1. Let y(z) = -32*z + 5. Let p(t) = -6*v(t) + y(t). Suppose 0 = 2*m - 2 - 0. Let i = m + -2. What is p(i)?
1
Let h(f) = 2*f**2 - 6*f - 13. Let p(j) = 7*j - 16. Let m be p(3). Calculate h(m).
7
Suppose -298 = 2*v - 256. Let o(a) = a**3 + 21*a**2 + 4. Determine o(v).
4
Let a(g) be the third derivative of 1/8*g**4 - 9*g**2 - 1/15*g**5 + 0*g**3 + 0 + 0*g. Let v(b) = -20*b**2 + 16*b. Let c(d) = 16*a(d) - 3*v(d). Calculate c(-1).
-4
Suppose 5*q - 4 = 26. Let z be (-24)/14 - -2 - (-453)/7. Let m(w) = 1 + z*w + 64*w - 130*w + 0. Give m(q).
-5
Let l(c) = c**3 + 8*c**2 - c + 21. Let b(h) = -3*h**3 - 23*h**2 + 3*h - 59. Let x(k) = -4*b(k) - 11*l(k). What is x(-4)?
9
Let v(m) = m**2 - 5*m + 1. Let j(x) = -2*x**3 - 4*x**2 - 3*x - 1. Let o = -3 - -1. Let g be j(o). Suppose -17 = -2*y - g. Determine v(y).
7
Let v(d) = 3*d**3 - 3*d**2 - 3*d - 25. Let a(r) = -5*r**3 + 5*r**2 + 5*r + 44. Let l(q) = -4*a(q) - 7*v(q). Calculate l(0).
-1
Suppose -3*q = 8*y - 3*y - 38, 5 = y - 2*q. Let j(u) = -u**3 + 6*u**2 + 9*u + 3. Give j(y).
17
Let d(y) be the second derivative of -y**4/12 + y**3/3 + 7*y**2/2 + 18*y + 2. Calculate d(0).
7
Let a(s) = 64*s + 69*s - 4 - 126*s + 0 - 4 + s**2. Let c be -4 - ((-12)/(-3) + -1). Give a(c).
-8
Let s(h) = h - 1. Let f(x) = -1. Let j(k) = 3*f(k) + s(k). Let p be j(0). Let u(t) = -t**2 - 5*t. Give u(p).
4
Let o(y) = -2*y + 8 - 14 + 9 + 7. Calculate o(9).
-8
Let k(q) = -5*q - 47. Let x(o) = -9*o - 20*o + 26*o - 31. Let f(c) = -5*k(c) + 8*x(c). Give f(10).
-3
Let a(w) = w**2 + w + 1. Suppose -5 = 11*g + 6. Let x(v) = -3*v**2 + 3*v - 11. Let c(t) = g*x(t) - 4*a(t). Calculate c(-7).
7
Suppose -j = c - 3*j + 8, 3*c + 9 = j. Let v(s) = -20*s**2 + 6. Suppose -5*f - 25 = 30. Let a(r) = -7*r**2 + 2. Let i(t) = f*a(t) + 4*v(t). Calculate i(c).
-10
Let z(a) be the second derivative of a**4/12 + a**3/3 - 3*a**2 + 114*a. Calculate z(-6).
18
Let b be 1 + (-4 - 4)*-2. Suppose -1 = d + 2*u - 6, 4*d + 5*u = b. Let k(j) = -j**2 + 4*j - 4. Calculate k(d).
-1
Let c = -23 + 24. Let z(a) = c - 3 + 2 - 2. Let t(b) = b - 5. Let o(q) = 3*t(q) - 7*z(q). Calculate o(2).
5
Suppose -2*i - i = -y + 3, 0 = -3*y + i + 9. Let r(q) = q**y + 0*q**2 + 2 + q**2 + 5*q - 3*q**2 - 3*q**2. What is r(4)?
6
Let v(i) be the second derivative of -i**5/20 - i**4/12 + i**3/6 + i**2 - 2*i + 9. Suppose -4*r - 10 = r. What is v(r)?
4
Let h = 126 + -125. Let f(s) = -s**3 + s**2 